t are the prime factors of 13072487?
23, 443, 1283
What are the prime factors of 1122079?
7, 157, 1021
List the prime factors of 299134.
2, 11, 13597
List the prime factors of 219505.
5, 11, 13, 307
List the prime factors of 24403.
23, 1061
List the prime factors of 4449082.
2, 11, 202231
What are the prime factors of 1123432?
2, 19, 389
List the prime factors of 1814244.
2, 3, 31, 4877
List the prime factors of 518801.
518801
List the prime factors of 8650553.
23, 457, 823
List the prime factors of 18344.
2, 2293
List the prime factors of 1661075.
5, 13, 19, 269
What are the prime factors of 6775584?
2, 3, 163, 433
What are the prime factors of 3338950?
2, 5, 43, 1553
What are the prime factors of 3280673?
11, 19, 1427
What are the prime factors of 1687507?
1687507
What are the prime factors of 258101?
258101
List the prime factors of 2471207.
2471207
What are the prime factors of 523201?
7, 41, 1823
List the prime factors of 404433.
3, 4993
What are the prime factors of 179637?
3, 59879
What are the prime factors of 2209639?
2209639
List the prime factors of 21403646.
2, 11, 17, 151, 379
What are the prime factors of 3807191?
163, 23357
List the prime factors of 16168976.
2, 67, 15083
What are the prime factors of 494648?
2, 7, 11, 73
What are the prime factors of 1195927?
1195927
List the prime factors of 5621135.
5, 13, 17, 5087
What are the prime factors of 1363500?
2, 3, 5, 101
List the prime factors of 6242504.
2, 149, 5237
What are the prime factors of 11262957?
3, 3754319
List the prime factors of 15128079.
3, 17, 37, 8017
List the prime factors of 2386472.
2, 11, 47, 577
List the prime factors of 178786.
2, 89393
List the prime factors of 9785464.
2, 13, 37, 2543
What are the prime factors of 8998611?
3, 71, 83, 509
List the prime factors of 1719658.
2, 89, 9661
What are the prime factors of 824?
2, 103
List the prime factors of 15455328.
2, 3, 7, 109, 211
List the prime factors of 633431.
167, 3793
List the prime factors of 860068.
2, 11, 1777
What are the prime factors of 152082?
2, 3, 7, 17, 71
List the prime factors of 126312.
2, 3, 19, 277
What are the prime factors of 1792762?
2, 896381
What are the prime factors of 697346?
2, 13, 26821
What are the prime factors of 32052103?
409, 78367
What are the prime factors of 1876530?
2, 3, 5, 71, 881
List the prime factors of 211026.
2, 3, 35171
List the prime factors of 1447983.
3, 53629
What are the prime factors of 1314154?
2, 19, 34583
What are the prime factors of 568893?
3, 13, 29, 503
List the prime factors of 18739660.
2, 5, 251, 3733
List the prime factors of 2447191.
701, 3491
What are the prime factors of 4818389?
53, 229, 397
List the prime factors of 760630.
2, 5, 13, 5851
List the prime factors of 182453.
182453
List the prime factors of 39262.
2, 67, 293
List the prime factors of 175188.
2, 3, 13, 1123
List the prime factors of 806993.
11, 73363
List the prime factors of 5972337.
3, 7, 47, 2017
List the prime factors of 6578036.
2, 139, 11831
What are the prime factors of 162819?
3, 79, 229
What are the prime factors of 1415203?
263, 5381
What are the prime factors of 4009?
19, 211
What are the prime factors of 5126038?
2, 59, 43441
What are the prime factors of 405507?
3, 29, 59, 79
List the prime factors of 144537.
3, 48179
What are the prime factors of 3544076?
2, 886019
What are the prime factors of 526767?
3, 53, 3313
List the prime factors of 2563567.
103, 24889
List the prime factors of 173124.
2, 3, 7, 229
What are the prime factors of 98557?
67, 1471
List the prime factors of 3669425.
5, 146777
List the prime factors of 5732800.
2, 5, 3583
What are the prime factors of 5579157?
3, 41, 67, 677
What are the prime factors of 4689093?
3, 17, 91943
What are the prime factors of 1510041?
3, 13, 31, 1249
List the prime factors of 5289517.
23, 229979
What are the prime factors of 1461858?
2, 3, 243643
What are the prime factors of 409509?
3, 29, 523
What are the prime factors of 148547?
7, 21221
What are the prime factors of 34312?
2, 4289
What are the prime factors of 1356009?
3, 157, 2879
What are the prime factors of 188816?
2, 11801
What are the prime factors of 685920?
2, 3, 5, 1429
List the prime factors of 5346921.
3, 43, 181, 229
What are the prime factors of 1180611?
3, 233, 563
What are the prime factors of 1503419?
1503419
List the prime factors of 1176003.
3, 41, 3187
List the prime factors of 98232.
2, 3, 4093
List the prime factors of 167344.
2, 10459
List the prime factors of 864822.
2, 3, 7, 59, 349
List the prime factors of 728078.
2, 13, 41, 683
What are the prime factors of 11148396?
2, 3, 7, 17, 37, 211
What are the prime factors of 767775?
3, 5, 29, 353
What are the prime factors of 3331304?
2, 416413
What are the prime factors of 167212?
2, 17, 2459
List the prime factors of 4280122.
2, 7, 11, 27793
What are the prime factors of 385674?
2, 3, 64279
What are the prime factors of 3598819?
7, 514117
List the prime factors of 60231.
3, 17, 1181
List the prime factors of 17927900.
2, 5, 61, 2939
List the prime factors of 442749.
3, 147583
List the prime factors of 135047.
11, 12277
List the prime factors of 2539991.
41, 1511
List the prime factors of 653571.
3, 101, 719
List the prime factors of 1505022.
2, 3, 250837
List the prime factors of 87927.
3, 7, 53, 79
What are the prime factors of 778844?
2, 11, 31, 571
List the prime factors of 5602754.
2, 23, 31, 3929
What are the prime factors of 552319?
601, 919
List the prime factors of 1351898.
2, 191, 3539
What are the prime factors of 9135247?
11, 830477
What are the prime factors of 136352?
2, 4261
What are the prime factors of 3947117?
19, 207743
List the prime factors of 2483407.
461, 5387
List the prime factors of 16084224.
2, 3, 13, 179
What are the prime factors of 68496?
2, 3, 1427
List the prime factors of 785259.
3, 87251
List the prime factors of 848561.
7, 241, 503
What are the prime factors of 13636931?
7, 11, 29, 31, 197
List the prime factors of 119282.
2, 19, 43, 73
List the prime factors of 306868.
2, 76717
List the prime factors of 403995.
3, 5, 23, 1171
What are the prime factors of 767349?
3, 11, 23, 337
What are the prime factors of 6035779?
6035779
What are the prime factors of 7226854?
2, 73, 49499
List the prime factors of 45735.
3, 5, 3049
List the prime factors of 8630877.
3, 2876959
List the prime factors of 2673940.
2, 5, 133697
What are the prime factors of 1423429?
7, 43, 4729
List the prime factors of 539326.
2, 269663
What are the prime factors of 161819?
7, 23117
What are the prime factors of 184530?
2, 3, 5, 6151
What are the prime factors of 701109?
3, 23, 1129
List the prime factors of 16179404.
2, 4044851
What are the prime factors of 38096?
2, 2381
What are the prime factors of 7646972?
2, 1231, 1553
List the prime factors of 89324.
2, 137, 163
List the prime factors of 7702370.
2, 5, 13, 179, 331
List the prime factors of 4067316.
2, 3, 11, 10271
What are the prime factors of 7872158?
2, 7, 562297
List the prime factors of 3140808.
2, 3, 11, 11897
List the prime factors of 3783593.
11, 343963
What are the prime factors of 19664533?
7, 57331
List the prime factors of 1265701.
17, 74453
List the prime factors of 15413479.
31, 43, 373
List the prime factors of 515017.
241, 2137
List the prime factors of 3295025.
5, 17, 7753
List the prime factors of 3958502.
2, 1979251
What are the prime factors of 163204?
2, 40801
List the prime factors of 109491.
3, 36497
What are the prime factors of 7875676?
2, 1968919
What are the prime factors of 163861?
163861
List the prime factors of 2950469.
17, 197, 881
What are the prime factors of 985855?
5, 13, 29, 523
What are the prime factors of 13062691?
13062691
What are the prime factors of 36658093?
107, 342599
List the prime factors of 5606391.
3, 7, 266971
List the prime factors of 3509513.
7, 61, 8219
What are the prime factors of 7599390?
2, 3, 5, 43, 137
What are the prime factors of 10900377?
3, 677, 1789
List the prime factors of 1478680.
2, 5, 7, 5281
What are the prime factors of 645050?
2, 5, 7, 19, 97
List the prime factors of 1331251.
1331251
What are the prime factors of 13855091?
293, 47287
What are the prime factors of 12568240?
2, 5, 157103
What are the prime factors of 5947562?
2, 733, 4057
List the prime fac